d) = d**3 + d**2 + 2*d + 32. What are the prime factors of p(0)?
2
Let b = 15 + -21. Let k(a) = -a**2 - 10*a - 8. Let v be k(b). Let j = -9 + v. What are the prime factors of j?
7
Suppose -12 = 3*w, 6*m = 2*m + 4*w + 20. Let o = 2 + m. Suppose -2*k + 90 = o*k. List the prime factors of k.
2, 3
Let p(n) = -7*n + 24. List the prime factors of p(-5).
59
Suppose -q - 2*o = -12, 4*o = 3*q + o. Suppose -q*x = f - 5*f - 60, 2*f = 0. What are the prime factors of x?
3, 5
Suppose -3*c = 5*z - 24, -9 = z + 3*c - 7*c. Let r(w) be the second derivative of w**3/3 + w**2 + 6*w. List the prime factors of r(z).
2
Let q = 22 - 16. Let v(t) = t + 2. What are the prime factors of v(q)?
2
Let r = 27 + -8. Suppose -s + 2 = -0*s - 3*d, -3*s = 4*d - r. Suppose s*z - 31 = -1. What are the prime factors of z?
2, 3
Let s = -4 - -3. Let m be (1*s)/(-4 - -5). List the prime factors of 2*(21/3 + m).
2, 3
Let u(j) = -j**3 - 8*j**2 + 10*j + 15. List the prime factors of u(-10).
5, 23
Let x(f) = -f**2 + 6*f. Let t be x(6). Suppose -5*u - 2 + 7 = t. Suppose -k = u - 13. What are the prime factors of k?
2, 3
Let x be (-11 + -1)/(-4) - 0. Suppose -x*s - 3 = -90. What are the prime factors of s?
29
Let a(l) = 84*l + 3. List the prime factors of a(2).
3, 19
Suppose 0 = -4*q + 2*w - w + 24, -3*q = 4*w - 18. Let y(f) = -f**3 + 7*f**2 - 6*f + 2. What are the prime factors of y(q)?
2
Let c(m) = -2 + 5*m - m + m + m**2. Let h be c(-11). Suppose 5*r = -2*p + h, 2*r + r - p = 45. What are the prime factors of r?
2, 7
Let r = -34 + 58. What are the prime factors of r?
2, 3
Suppose 7230 = 24*s + 2046. List the prime factors of s.
2, 3
Suppose 3*u + 6 = 4*u. Let g = 22 - u. What are the prime factors of g?
2
Let a = -2 + 1. Let o(d) be the second derivative of d**4 + d**3/6 + d**2/2 - 3*d. List the prime factors of o(a).
2, 3
Suppose -2*t + 3*t = 3*y - 39, 5*t = -4*y + 71. List the prime factors of y.
2, 7
Suppose -579 = -3*u + 3*v, -u + 5*u - 3*v = 768. What are the prime factors of u?
3, 7
Let x be (13/2)/(4/96). Suppose i = -2*i + x. Suppose 5*v = v + i. What are the prime factors of v?
13
List the prime factors of (-152)/10*(-40)/16.
2, 19
Let x(p) = -p - 1. Let h be x(-4). Suppose 0*s + 12 = h*s. Suppose 0 = -4*l + s*c - 4, -2*l - 8 + 21 = 3*c. List the prime factors of l.
2
Suppose -3*c - 22 = -5*c. What are the prime factors of c?
11
Let n = -7 + 1. Let f = n + 9. List the prime factors of f.
3
Let c(h) = h**3 + 6*h**2 - 2*h + 16. What are the prime factors of c(-5)?
3, 17
Let d = 6 - -18. List the prime factors of d.
2, 3
Let g be 0 + -1 - (-1 - 2). Suppose g = -5*j + 27. What are the prime factors of j?
5
Let x = 11 - 6. Suppose -85 = -x*j + 55. What are the prime factors of j?
2, 7
Suppose 0 = -p - 2*p + 12. Suppose -5*k - 34 = -3*j, -5*j - p*k - 31 = -100. List the prime factors of j.
13
Let x(c) be the third derivative of c**7/2520 + c**6/720 + c**5/60 - c**4/6 + c**2. Let t(i) be the second derivative of x(i). List the prime factors of t(-3).
2
Let p(x) = 0 + 0*x**3 + x**3 + 11*x**2 - 2*x - 1 + 2. What are the prime factors of p(-11)?
23
What are the prime factors of (2/2)/(94/46 + -2)?
23
Suppose 4*g - 10 = -3*s, s - 3*g + 9 = 34. What are the prime factors of s/(-70) - 142/(-14)?
2, 5
Let w(x) = 2*x**2 + x - 6. List the prime factors of w(5).
7
Suppose -2*g = 2*g + 3*d - 51, 3*d - 42 = -3*g. Suppose j + 4 = -j. Let c = g + j. List the prime factors of c.
7
Suppose 3 = 3*w + 6, 0 = -3*l - 3*w + 36. Let s = -5 + 5. Suppose -5*t - 3*h = -l, s = -3*h - 0*h + 3. List the prime factors of t.
2
Suppose 4*w - 1528 = -4*b, -b - 3*w = -13 - 359. What are the prime factors of b?
3, 43
Let h(v) = -v - 4. Let i be h(-6). Suppose 4*p = z - 36, z - 5*p - 35 - i = 0. List the prime factors of z.
2
Suppose -f + m + 21 = 0, f - 90 = -4*f + 2*m. List the prime factors of f.
2
Suppose -12 = 5*t + j, 3*t + 5*j = 8*t + 30. What are the prime factors of (-2)/3*-15 + t?
7
Let i = 17 - -17. What are the prime factors of i?
2, 17
Let t(s) = 0*s**2 - 5*s**2 + s**3 - 5*s + 3*s - 1 + 3*s. Let v be t(5). Let k = -2 + v. List the prime factors of k.
2
Suppose 39 = -3*p + 165. List the prime factors of p.
2, 3, 7
Let h(g) be the second derivative of g**4/2 - g**3/3 - 2*g**2 - g. Let q be h(-3). Suppose v = -3*v + q. List the prime factors of v.
2, 7
Let g be (-1)/2 - 93/(-6). Suppose 3*s + 0 + 3 = -3*y, -g = -5*s + 5*y. Suppose 4*w + s - 9 = 0. List the prime factors of w.
2
Let f(l) = -4*l - 7. Let m be 35/(-7)*2/2. What are the prime factors of f(m)?
13
List the prime factors of (-30)/4*96/(-15).
2, 3
Let o(h) = -h - 4. Let i be o(-6). Suppose 40 = -5*v + 3*l, 7*v + i*l = 3*v - 10. What are the prime factors of v*(1/5 - 3)?
2, 7
Let m(f) = -f**2 - 4*f. Let k be m(-2). Let w = 0 + k. What are the prime factors of w?
2
Let w(t) = -t**2 + 9*t + 5. Let v be w(9). Suppose v*z = j + 6 + 49, -5*z + 4*j = -55. List the prime factors of z.
11
Let o be 0 + -2*(0 - 1). Suppose k - 4 - o = 0. What are the prime factors of k?
2, 3
Let d = 16 + -23. Let k(w) = w**2 + 7*w + 5. Let q be k(d). Suppose 0 = -2*v + q*v - 18. List the prime factors of v.
2, 3
Suppose 0 = -2*j + 4*j - 178. List the prime factors of j.
89
Let t(g) = g**3 + 13*g**2 + 2*g - 10. Let s be t(-12). Suppose -8*o + s = -3*o. List the prime factors of o.
2, 11
Let k be 2 - 5 - (-5)/5. Let t = k - -23. What are the prime factors of t?
3, 7
Let f = 138 + -80. What are the prime factors of f?
2, 29
Let h be -2*(-2)/4*3. Suppose -14 = -5*k + 6. Suppose h*q = 9, 5*l = k*q + 10 + 28. List the prime factors of l.
2, 5
Suppose -16 = -2*t + 5*x + 17, 0 = t + 5*x + 21. Suppose 13*a = 5*a + 496. Suppose -a - 6 = -t*h. List the prime factors of h.
17
Let h be 0/(-1 + 0) - 10. Let y = 14 + h. Let c(l) = l**2 - 4. What are the prime factors of c(y)?
2, 3
Let z = -78 + 109. What are the prime factors of z?
31
Let x = 15 + -8. Suppose 225 = -2*s + x*s. Suppose -4*u + u = -s. List the prime factors of u.
3, 5
Let n(v) be the first derivative of v**2/2 + 9*v + 3. What are the prime factors of n(-4)?
5
Let b(v) = v. Let s be b(3). Let r = s - 7. Let g = r - -16. What are the prime factors of g?
2, 3
Suppose 5*n - 114 = -p + 268, -2*n - p + 151 = 0. What are the prime factors of n?
7, 11
Suppose 3*x - 2*i - 46 = 0, 2*x - 7*x = -5*i - 75. Let z be (-1)/((-3)/9) - 0. Suppose f - z*n + 4 = x, 0 = -4*f + 3*n + 30. What are the prime factors of f?
2, 3
Suppose -3*j + 2*j + 65 = 3*m, 2*m = 3*j - 250. What are the prime factors of j?
2, 5
Let l(m) = -46*m**3 + m + 1. What are the prime factors of l(-1)?
2, 23
Suppose -4*v = -2*z - 4, -3*v - 24 - 1 = 2*z. Let p(m) = m**2 + 7*m + 10. List the prime factors of p(z).
2, 3
Suppose -6*f + f = 15. Let c = 41 + f. What are the prime factors of c?
2, 19
Let f = -1 + 4. Suppose f*z = z. Suppose -3*n + 4*n - 5 = z. List the prime factors of n.
5
Let c(p) = 0*p + 2 + 0*p - 3*p. Let i be c(3). Let q = i + 11. What are the prime factors of q?
2
Let r be -2 + 0 - -12 - -2. Let g = 17 - r. Suppose 4*o - 20 = g*q + 2, 0 = 3*o + q - 7. What are the prime factors of o?
3
Suppose -4*w - 5*v - 12 = 1, 4*v = 2*w - 26. Let q = 1 - w. What are the prime factors of 2/(-3)*39/q?
13
Suppose 9 = 4*k - 0*o - o, 0 = 5*o + 5. Let c(i) = -9*i**2 + 2*i - 1. Let w be c(1). List the prime factors of ((-12)/8)/(k/w).
2, 3
Suppose 0*r - 48 = 4*r. List the prime factors of -3*(-1 + 104/r).
29
Suppose -n - 173 = -3*d, 3*n = -2*n - 25. What are the prime factors of d?
2, 7
Let x(g) = g - 7. Let n be x(10). Suppose -2*t - 7*u - 28 = -5*u, -4*u = n*t + 47. List the prime factors of t/3 - -3 - -5.
5
Let p = 34 - 19. List the prime factors of p.
3, 5
Let y be -1 - (-3)/(-6)*10. Let j be (-100)/70 - y/14. What are the prime factors of 4*j/(-1) + 3?
7
Suppose 0 = 4*w - 4, -4*k - 101 = -2*w - 411. Let d = -50 + k. List the prime factors of d.
2, 7
Suppose -2*f = -4*v + 534, -4*v + 535 = -2*f + f. List the prime factors of v.
2, 67
Suppose 0 = 3*l + 2*v - 7, 3*v + 39 - 2 = 5*l. What are the prime factors of -1 + 0 - (l + -14)?
2
Suppose -239 = -2*h - 3*l - 66, -l = h - 87. List the prime factors of h.
2, 11
Let x = 43 - 31. List the prime factors of x.
2, 3
Let q = 1 - -287. List the prime factors of q.
2, 3
Let o = 24 + -20. List the prime factors of o.
2
Let w(u) = -u 